{"id":280,"date":"2022-03-07T08:02:17","date_gmt":"2022-03-07T08:02:17","guid":{"rendered":"https:\/\/wordpress.invajo.com\/nhm2022\/?page_id=280"},"modified":"2022-07-08T14:43:34","modified_gmt":"2022-07-08T14:43:34","slug":"exkursioner","status":"publish","type":"page","link":"https:\/\/wordpress.invajo.com\/nhm2022\/exkursioner\/","title":{"rendered":"Exkursioner"},"content":{"rendered":"\n<p>Den 11 augusti anordnas tre bussturer och tv\u00e5 stadsvandringar som det g\u00e5r att anm\u00e4la sig till i samband med konferensanm\u00e4lan (\u00f6ppnar 15 mars). En av bussturerna guidas p\u00e5 engelska medan de andra exkursionerna ges p\u00e5 svenska. F\u00f6r samtliga alternativ g\u00e4ller att de erbjuds i m\u00e5n av plats. Bussturerna (nr. 1\u20133 nedan) genomf\u00f6rs under f\u00f6ruts\u00e4ttning att tillr\u00e4ckligt intresse finns. Om en avgiftsbelagd exkursion st\u00e4lls in \u00e5terbetalas avgiften.<\/p>\n\n\n\n<p><\/p>\n\n\n\n<p><\/p>\n\n\n\n<h4 class=\"wp-block-heading\">1.&nbsp;&nbsp;Tanum World Heritage Site<\/h4>\n\n\n\n<p>\ud83c\uddec\ud83c\udde7 <em>English, 09.00\u201315.00, SEK 400 + VAT (max 40 people)<\/em><\/p>\n\n\n\n<p>In this excursion by bus to northern Bohusl\u00e4n we explore some of the most spectacular remains of Bronze Age culture in Scandinavia: the <a href=\"https:\/\/www.tanumworldheritage.se\/en\/tanum-world-heritage\">Tanum World Heritage Site<\/a>, which features the largest concentration of rock carvings in northern Europe. The bus leaves from M\u00e4ssans gata 8, outside the Svenska M\u00e4ssan convention centre.<\/p>\n\n\n\n<p><em>Guide: Gerhard Milstreu (Director of the Tanum Rock Art Museum)<\/em><\/p>\n\n\n\n<p><\/p>\n\n\n\n<p><\/p>\n\n\n\n<h4 class=\"wp-block-heading\">2.&nbsp;&nbsp;&#8221;Det norska Sverige&#8221;: Kung\u00e4lv och Marstrand<\/h4>\n\n\n\n<p>\ud83c\uddf8\ud83c\uddea <em>Svenska, 09.00\u201316.00, SEK 500 exkl. moms (h\u00f6gst 40 personer)<\/em><\/p>\n\n\n\n<p>Vid Marstrand, skriver Evert Taube, b\u00f6rjar &#8221;det norska Sverige, Sommarlandet, Viken, som det hette fordom. Och &#8217;Elfarsyssl&#8217; f\u00f6rtonar bort\u00e5t Nordre- och G\u00f6ta \u00e4lv i sydost&#8221;. Detta norska Sverige, om man s\u00e5 vill, bes\u00f6ker vi under en heldag. F\u00f6rsta anhalt blir Kung\u00e4lvsbygden. H\u00e4r bes\u00f6ker vi sp\u00e5ren av Ytterby och Kongah\u00e4lla samt Ny Kongelf intill <a href=\"https:\/\/bohusfastning.com\">Bohus f\u00e4stning<\/a>. D\u00e4refter g\u00e5r resan till Marstrand, handels-, sj\u00f6farts- och fiskestaden som under det sena 1800-talet blev rikets popul\u00e4raste badort, och bevistar <a href=\"https:\/\/carlsten.se\">Karlstens f\u00e4stning<\/a>. Bussen avg\u00e5r fr\u00e5n M\u00e4ssans gata 8, utanf\u00f6r Svenska M\u00e4ssan.<\/p>\n\n\n\n<p><em>Guide: Kristina Bengtsson (arkeolog) &amp; Erik Hallberg (historiker)<\/em><\/p>\n\n\n\n<p><\/p>\n\n\n\n<p><\/p>\n\n\n\n<h4 class=\"wp-block-heading\">3.&nbsp;&nbsp;\u00c4skhults by \u2013 en agrar kulturmilj\u00f6 fr\u00e5n 1800-talet<\/h4>\n\n\n\n<p>\ud83c\uddf8\ud83c\uddea <em>Svenska, 09.00\u201314.00, SEK 300 exkl. moms (h\u00f6gst 30 personer)<\/em><\/p>\n\n\n\n<p>Denna halvdagstur g\u00e5r till kulturreservatet <a href=\"https:\/\/www.askhultsby.se\/sv\/\">\u00c4skhults by<\/a> i norra Halland, en unikt v\u00e4lbevarad kulturhistorisk milj\u00f6 fr\u00e5n 1800-talets svenska landsbygd. Byn best\u00e5r av fyra g\u00e5rdar med r\u00f6tter tillbaka till 1600- och 1700-talen, och i det kringliggande landskapet p\u00e5g\u00e5r ett restaureringsprojekt f\u00f6r att \u00e5terst\u00e4lla markerna till hur de s\u00e5g ut strax f\u00f6re 1800-talets skiftesreformer. Under exkursionen f\u00e5r vi b\u00e5de en visning av byn och m\u00f6jlighet att vandra l\u00e4ngs n\u00e5gon av kulturstigarna i omgivningen. Bussen avg\u00e5r fr\u00e5n M\u00e4ssans gata 8, utanf\u00f6r Svenska M\u00e4ssan.<\/p>\n\n\n\n<p><em>Guide: P\u00e4r Connelid (historisk-geograf)<\/em><\/p>\n\n\n\n<p><\/p>\n\n\n\n<p><\/p>\n\n\n\n<h4 class=\"wp-block-heading\">4.&nbsp;&nbsp;Vandring runt \u00c4lvsborgs slott i tid och rum<\/h4>\n\n\n\n<p>\ud83c\uddf8\ud83c\uddea <em>Svenska, 09.3\u201311.30, gratis (h\u00f6gst 20 personer)<\/em><\/p>\n\n\n\n<p>\u00c4lvsborgs slott har vid flera tillf\u00e4llen varit en central plats i Nordens historia. H\u00e4rifr\u00e5n styrdes riket periodvis under Kalmarunionen. Under en kort vandring r\u00f6r vi oss mellan olika \u00e5rhundraden fr\u00e5n 1300-talet fram till v\u00e5r egen samtid. Ostindiska kompaniet har l\u00e4mnat tydliga sp\u00e5r i omr\u00e5det och vi tr\u00e4ffas utanf\u00f6r en av dessa byggnader, i dag restaurangen Sj\u00f6magasinet, p\u00e5 Adolf Edelsv\u00e4rds gata 5.<\/p>\n\n\n\n<p><em>Guide: Per Hall\u00e9n (ekonom-historiker)<\/em><\/p>\n\n\n\n<p><\/p>\n\n\n\n<p><\/p>\n\n\n\n<h4 class=\"wp-block-heading\">5.&nbsp;&nbsp;G\u00f6teborg och andra v\u00e4rldskriget<\/h4>\n\n\n\n<p>\ud83c\uddf8\ud83c\uddea <em>Svenska, 09.00\u201311.00, gratis (h\u00f6gst 20 personer)<\/em><\/p>\n\n\n\n<p>Under denna stadsvandring p\u00e5 1,5\u20132 timmar bes\u00f6ker vi platser i centrala G\u00f6teborg med anknytning till andra v\u00e4rldskriget, s\u00e4rskilt s\u00e5dana som har koppling till spionage och milit\u00e4r underr\u00e4ttelseverksamhet r\u00f6rande Norge. Vi tr\u00e4ffas utanf\u00f6r Tr\u00e4dg\u00e5rdsf\u00f6reningens entr\u00e9 p\u00e5 Slussgatan 1 (mittemot Drottningtorget).<\/p>\n\n\n\n<p><em>Guide: Lars Hansson (historiker)<\/em><\/p>\n\n\n\n<p><\/p>\n","protected":false},"excerpt":{"rendered":"<p>Den 11 augusti anordnas tre bussturer och tv\u00e5 stadsvandringar som det g\u00e5r att anm\u00e4la sig till i samband med konferensanm\u00e4lan (\u00f6ppnar 15 mars). En av bussturerna guidas p\u00e5 engelska medan de andra exkursionerna ges p\u00e5 svenska. F\u00f6r samtliga alternativ g\u00e4ller att de erbjuds i m\u00e5n av plats. Bussturerna (nr. 1\u20133 nedan) genomf\u00f6rs under f\u00f6ruts\u00e4ttning att [&hellip;]<\/p>\n","protected":false},"author":6,"featured_media":0,"parent":0,"menu_order":0,"comment_status":"closed","ping_status":"closed","template":"","meta":{"_et_pb_use_builder":"","_et_pb_old_content":"","_et_gb_content_width":"","footnotes":""},"class_list":["post-280","page","type-page","status-publish","hentry"],"_links":{"self":[{"href":"https:\/\/wordpress.invajo.com\/nhm2022\/wp-json\/wp\/v2\/pages\/280","targetHints":{"allow":["GET"]}}],"collection":[{"href":"https:\/\/wordpress.invajo.com\/nhm2022\/wp-json\/wp\/v2\/pages"}],"about":[{"href":"https:\/\/wordpress.invajo.com\/nhm2022\/wp-json\/wp\/v2\/types\/page"}],"author":[{"embeddable":true,"href":"https:\/\/wordpress.invajo.com\/nhm2022\/wp-json\/wp\/v2\/users\/6"}],"replies":[{"embeddable":true,"href":"https:\/\/wordpress.invajo.com\/nhm2022\/wp-json\/wp\/v2\/comments?post=280"}],"version-history":[{"count":12,"href":"https:\/\/wordpress.invajo.com\/nhm2022\/wp-json\/wp\/v2\/pages\/280\/revisions"}],"predecessor-version":[{"id":793,"href":"https:\/\/wordpress.invajo.com\/nhm2022\/wp-json\/wp\/v2\/pages\/280\/revisions\/793"}],"wp:attachment":[{"href":"https:\/\/wordpress.invajo.com\/nhm2022\/wp-json\/wp\/v2\/media?parent=280"}],"curies":[{"name":"wp","href":"https:\/\/api.w.org\/{rel}","templated":true}]}}