{"id":509,"date":"2022-04-25T19:56:26","date_gmt":"2022-04-25T19:56:26","guid":{"rendered":"https:\/\/www.nhm2022.se\/?page_id=509"},"modified":"2022-07-21T11:53:33","modified_gmt":"2022-07-21T11:53:33","slug":"sponsorer-och-utstallare","status":"publish","type":"page","link":"https:\/\/wordpress.invajo.com\/nhm2022\/sponsorer-och-utstallare\/","title":{"rendered":"Sponsorer och utst\u00e4llare"},"content":{"rendered":"\n<p><em>V\u00e4rdskap<\/em><br>Huvudarrang\u00f6r f\u00f6r det 30:e Nordiska historikerm\u00f6tet \u00e4r&nbsp;<a href=\"https:\/\/www.gu.se\/historiska-studier\">Institutionen f\u00f6r historiska studier<\/a>&nbsp;vid G\u00f6teborgs universitet,&nbsp;<a href=\"https:\/\/svenskahistoriskaforeningen.se\/\">Svenska historiska f\u00f6reningen<\/a>&nbsp;och Nordiska historikerkommitt\u00e9n i samarbete med&nbsp;<a href=\"https:\/\/goteborg.se\/\">G\u00f6teborgs Stad<\/a>&nbsp;samt&nbsp;<a href=\"https:\/\/www.gu.se\/handelshogskolan\/ekonomi-samhalle\/om-oss\/vara-avdelningar\/avdelningen-for-ekonomisk-historia\">Avdelningen f\u00f6r ekonomisk historia<\/a>&nbsp;och&nbsp;<a href=\"https:\/\/www.gu.se\/litteratur-idehistoria-religion\">Institutionen f\u00f6r litteratur, id\u00e9historia och religion<\/a>&nbsp;vid G\u00f6teborgs universitet.<\/p>\n\n\n\n<figure class=\"wp-block-image size-large is-resized\"><img loading=\"lazy\" decoding=\"async\" src=\"https:\/\/www.nhm2022.se\/wp-content\/uploads\/sites\/5\/2022\/06\/NHM-vardar-1024x330.png\" alt=\"Svenska Historiska F\u00f6reningen, G\u00f6teborgs universitet och G\u00f6teborgs Stad\" class=\"wp-image-676\" width=\"768\" height=\"248\" \/><\/figure>\n\n\n\n<p><\/p>\n\n\n\n<p><em>Bidragsgivare<\/em><\/p>\n\n\n\n<p>Institutionen f\u00f6r historiska studier, G\u00f6teborgs universitet<\/p>\n\n\n\n<p>G\u00f6teborgs Stad<\/p>\n\n\n\n<p>Magn. Bergvalls stiftelse<\/p>\n\n\n\n<p>Tore Browaldhs stiftelse<\/p>\n\n\n\n<p>Per Lindekrantz fond<\/p>\n\n\n\n<p>Jan Wallanders och Tom Hedelius stiftelse<\/p>\n\n\n\n<p><br><em>Utst\u00e4llare<\/em><\/p>\n\n\n\n<p><a rel=\"noreferrer noopener\" href=\"https:\/\/appellforlag.se\/\" target=\"_blank\">Appell F\u00f6rlag<\/a> &amp; <a href=\"https:\/\/www.sls.fi\/sv\">Svenska litteraturs\u00e4llskapet i Finland<\/a><\/p>\n\n\n\n<p><a href=\"https:\/\/www.cappelendamm.no\">Cappelen Damm<\/a><\/p>\n\n\n\n<p><a rel=\"noreferrer noopener\" href=\"https:\/\/www.fagbokforlaget.no\/\" target=\"_blank\">Fagbokforlaget<\/a><\/p>\n\n\n\n<p><em><a href=\"https:\/\/www.historisktidskrift.se\/\">Historisk tidskrift<\/a><\/em> &amp; <em><a href=\"https:\/\/journals.lub.lu.se\/scandia\/\">Scandia<\/a><\/em><\/p>\n\n\n\n<p><a href=\"https:\/\/historiskamedia.se\">Historiska Media<\/a><\/p>\n\n\n\n<p><a href=\"https:\/\/www.kriterium.se\">Kriterium<\/a><\/p>\n\n\n\n<p><a href=\"https:\/\/nordicacademicpress.se\">Nordic Academic Press<\/a><\/p>\n\n\n\n<p><a href=\"https:\/\/www.norden.org\/sv\/nordiska-radet\">Nordiska r\u00e5det<\/a><\/p>\n\n\n\n<p><a href=\"https:\/\/www.studentlitteratur.se\">Studentlitteratur<\/a><\/p>\n\n\n\n<p><\/p>\n","protected":false},"excerpt":{"rendered":"<p>V\u00e4rdskapHuvudarrang\u00f6r f\u00f6r det 30:e Nordiska historikerm\u00f6tet \u00e4r&nbsp;Institutionen f\u00f6r historiska studier&nbsp;vid G\u00f6teborgs universitet,&nbsp;Svenska historiska f\u00f6reningen&nbsp;och Nordiska historikerkommitt\u00e9n i samarbete med&nbsp;G\u00f6teborgs Stad&nbsp;samt&nbsp;Avdelningen f\u00f6r ekonomisk historia&nbsp;och&nbsp;Institutionen f\u00f6r litteratur, id\u00e9historia och religion&nbsp;vid G\u00f6teborgs universitet. Bidragsgivare Institutionen f\u00f6r historiska studier, G\u00f6teborgs universitet G\u00f6teborgs Stad Magn. Bergvalls stiftelse Tore Browaldhs stiftelse Per Lindekrantz fond Jan Wallanders och Tom Hedelius stiftelse Utst\u00e4llare [&hellip;]<\/p>\n","protected":false},"author":7,"featured_media":0,"parent":0,"menu_order":0,"comment_status":"closed","ping_status":"closed","template":"","meta":{"_et_pb_use_builder":"","_et_pb_old_content":"","_et_gb_content_width":"","footnotes":""},"class_list":["post-509","page","type-page","status-publish","hentry"],"_links":{"self":[{"href":"https:\/\/wordpress.invajo.com\/nhm2022\/wp-json\/wp\/v2\/pages\/509","targetHints":{"allow":["GET"]}}],"collection":[{"href":"https:\/\/wordpress.invajo.com\/nhm2022\/wp-json\/wp\/v2\/pages"}],"about":[{"href":"https:\/\/wordpress.invajo.com\/nhm2022\/wp-json\/wp\/v2\/types\/page"}],"author":[{"embeddable":true,"href":"https:\/\/wordpress.invajo.com\/nhm2022\/wp-json\/wp\/v2\/users\/7"}],"replies":[{"embeddable":true,"href":"https:\/\/wordpress.invajo.com\/nhm2022\/wp-json\/wp\/v2\/comments?post=509"}],"version-history":[{"count":36,"href":"https:\/\/wordpress.invajo.com\/nhm2022\/wp-json\/wp\/v2\/pages\/509\/revisions"}],"predecessor-version":[{"id":907,"href":"https:\/\/wordpress.invajo.com\/nhm2022\/wp-json\/wp\/v2\/pages\/509\/revisions\/907"}],"wp:attachment":[{"href":"https:\/\/wordpress.invajo.com\/nhm2022\/wp-json\/wp\/v2\/media?parent=509"}],"curies":[{"name":"wp","href":"https:\/\/api.w.org\/{rel}","templated":true}]}}